
Suppose -4*w + 287 + 41 = 0. Calculate the remainder when w is divided by 12.
10
Suppose -v = -2*l - 0*l - 37, 87 = 3*v + 2*l. Calculate the remainder when v is divided by (-21 + 1)*(-6)/15.
7
Let o(j) = j**3 + 9*j**2 - 9*j - 12. Let h be o(-10). Let k = h + 24. Calculate the remainder when 3 is divided by k.
1
Let l = 125 + -24. What is the remainder when l is divided by 34?
33
Let o = 10 - 7. Suppose 11 - 62 = -o*n. Calculate the remainder when n is divided by 9.
8
Let x = -8 - -15. Calculate the remainder when 18 is divided by x/(-2 + 5 + -2).
4
Suppose -i + 4*i = 2*k - 21, 2*k + 5*i - 45 = 0. Calculate the remainder when 27 is divided by k.
12
Let u = -62 + 96. Suppose -47 = -5*c + 43. What is the remainder when u is divided by c?
16
Let x = 188 + -139. Let b(r) = 11*r**3 - r**2 - r + 1. Calculate the remainder when x is divided by b(1).
9
Let m(z) = z + 7. Let s be m(-5). Suppose g + 2 = 0, 3 = s*t + 2*g - 19. What is the remainder when t is divided by 8?
5
Suppose 0 = -3*u + 2*t - 9, 3*u - u - 2*t = -4. Let h = 10 - u. Calculate the remainder when h is divided by 6.
3
Suppose -w = -18 - 6. Let h = -10 + w. Calculate the remainder when h is divided by 8.
6
Calculate the remainder when 6/(-48) + (-153)/(-8) is divided by 7.
5
Let t = 206 - 115. Calculate the remainder when t is divided by 31.
29
Let w be 3 - (-1 + 2) - -7. Let v = w + 3. Calculate the remainder when 22 is divided by v.
10
Suppose 0 = 3*y + 2*y - 4*d - 117, 0 = -y + 5*d + 36. Calculate the remainder when 62 is divided by y.
20
Let l = 349 + -181. Suppose -p + 94 = 5*h, -h = 5*p - 614 + l. What is the remainder when p is divided by 30?
29
Let p = -36 + 9. Let w be 1*20*16/(-20). Let b = w - p. Calculate the remainder when 42 is divided by b.
9
Let b(g) = g**3 + 3*g**2 + 2*g + 4. Let j be b(-3). Calculate the remainder when 37 is divided by (-14 + 3 + j)*-1.
11
Let d(l) be the third derivative of l**5/60 - l**4/24 + 7*l**3/6 + 2*l**2. Let j = -11 + 24. What is the remainder when j is divided by d(0)?
6
Let j(c) = -c**2 - 8*c + 4. Let m(i) = -i**3 - 4*i**2 + 2*i + 3. Let f be m(-4). What is the remainder when j(f) is divided by 10?
9
What is the remainder when 86 is divided by 2/(2/31) - (-2)/(-2)?
26
Let h = 18 - 7. Suppose 6 = -5*r + 16. What is the remainder when h is divided by (-6)/(3/(-4)*r)?
3
Suppose -5*r - 6 + 1 = 0, -4*r = 5*i - 171. What is the remainder when i is divided by 19?
16
Let a(q) = -28*q. Let k be a(2). Let j = k - -148. What is the remainder when j is divided by 31?
30
Let d = 1 - -16. Calculate the remainder when d is divided by 5.
2
Let f(h) = h**2 + 4*h - 10. What is the remainder when f(4) is divided by 9?
4
Let t(w) be the second derivative of w**5/20 - 7*w**4/12 - 7*w**3/6 + 7*w**2/2 + w. Let x = -6 - -14. What is the remainder when 43 is divided by t(x)?
13
Suppose 0 = -5*z - 0*z + 15. Let b(w) = 10*w - 4. Let f(t) = -t**2 + 16*t - 54. What is the remainder when b(z) is divided by f(9)?
8
Suppose -3*b = -5*b + 20. What is the remainder when 17 is divided by b?
7
Suppose -88 = -5*x + 2*q, -5*x + 38 = 2*q - 34. Let z(w) = -5*w**3 - w**2 + 4*w + 3. What is the remainder when z(-2) is divided by x?
15
Let b = 10 + -9. Let v = 16 + -10. What is the remainder when 22/2 + b + -1 is divided by v?
5
Let m(c) = c + 12. Let u be m(-11). What is the remainder when 1*7*(-1)/(-1) is divided by 2 - (-3 + 2)*u?
1
Suppose 6*x - 39 = 3*x. What is the remainder when 24 is divided by x?
11
Let j be -11 + (4 - (-2 + 3)). Let s(f) = -f**2 - 6*f + 3. What is the remainder when s(-5) is divided by (6/(-8))/(j/32)?
2
Let h = 65 - -89. What is the remainder when h is divided by 26?
24
Let w(b) = 3*b**2 - 12*b - 5. What is the remainder when 121 is divided by w(6)?
28
Let z be (-64)/8 - (-1 + 1). Let p(g) = -g**2 - 8*g + 6. Let k = 33 + -22. What is the remainder when k is divided by p(z)?
5
Let t = -20 + 63. What is the remainder when t is divided by (-120)/(-6) - -1*2?
21
Let i(h) = 2*h**2 + 7*h - 8. Calculate the remainder when i(-7) is divided by 11.
8
Suppose -d = -v - 7, 4*d - 2*v - 33 = 3*v. Suppose d*u - 13 = 7. Let z = u - -30. Calculate the remainder when z is divided by 14.
12
Let i = -70 - -133. What is the remainder when i is divided by 16?
15
Suppose 1 + 12 = 2*d + 3*h, -6 = -d - h. What is the remainder when (-15)/(-5)*(-12)/(-4) is divided by d?
4
Let h(s) = -s - 1. Suppose -37 = -5*l + 13. What is the remainder when l is divided by h(-7)?
4
Let u = 5 - 3. Suppose -u*q - 88 = -4*q. Calculate the remainder when q is divided by 15.
14
Let s(j) = j**3 - 6*j**2 + 2*j + 3. Let p be s(5). Let z = -2 - p. Calculate the remainder when 16 is divided by ((-12)/z)/((-2)/10).
4
Suppose 11*z - 2 = 10*z. Calculate the remainder when z/(-5) + (-1728)/(-45) is divided by 10.
8
Let s be (2/5)/((-4)/(-120)). Suppose s = -4*m - 44. Let d = -7 - m. What is the remainder when 20 is divided by d?
6
Let s(b) = b**2 - b + 2. Let w be s(-5). Suppose 0 = 4*u + 2*j - 25 + 71, 4*u + 39 = 5*j. Let a = w + u. What is the remainder when a is divided by 11?
10
Let s(g) be the first derivative of -g**3/3 + g**2/2 + 44*g - 2. Calculate the remainder when s(0) is divided by 15.
14
Suppose -3*l = -4*q + 12, -6 = l + 4*l - 2*q. Suppose l*a - a = -g + 15, -40 = -5*g - 2*a. What is the remainder when 19 is divided by g?
9
Suppose 3 = 3*p - 3. Suppose 2*f - 58 = -f - x, -4*x = p*f - 52. Let s = -11 - -21. What is the remainder when f is divided by s?
8
What is the remainder when (2/(-2))/(2/(-16)) is divided by 3?
2
Let w = 17 - -2. Calculate the remainder when w is divided by (6 - -1)*(-2 + 3).
5
Let o = 21 - -24. What is the remainder when o is divided by 16?
13
Suppose -5*h + 0*h = i - 18, h = i + 6. Let t = i - -26. Suppose 3*y - y - 31 = 5*o, 0 = 4*y - 5*o - 57. Calculate the remainder when t is divided by y.
11
Let z(j) = 7*j + 17. Calculate the remainder when z(5) is divided by 11.
8
Suppose -z + 3*z - 109 = 5*l, -4*l = z - 22. Calculate the remainder when z is divided by 11.
9
Let f = 31 - 17. Calculate the remainder when f is divided by 4.
2
Let j(y) = y + 18. What is the remainder when j(-9) is divided by 6?
3
Suppose -64 = -7*z + 3*z - 4*f, -28 = -3*z + f. What is the remainder when 42 is divided by z?
9
Suppose 2*a + 2*a + 28 = 3*j, 4*a + 12 = -j. Suppose j*u - 14 = 18. Calculate the remainder when (-3 + 1)*(-116)/8 is divided by u.
5
Suppose -25 = -k - 2*h, 5*h - 6*h = -3*k + 61. What is the remainder when 60 is divided by k?
18
Suppose -l + 30 = 4*l. What is the remainder when 28 is divided by l?
4
Let j(d) = -d + 6. What is the remainder when 16 is divided by j(0)?
4
Let v(r) = 2*r + 14 - 2*r - r. Calculate the remainder when 27 + (-3)/9*0 is divided by v(0).
13
Suppose -5*y + 40 = 8*d - 4*d, 3*d - 7 = 2*y. Suppose -43 = -5*k - 18. Calculate the remainder when k is divided by y.
1
Suppose 86 + 18 = 4*h. Let f = -39 - -21. Let n = f - -27. Calculate the remainder when h is divided by n.
8
Let q = 26 - -2. Calculate the remainder when q is divided by 17.
11
Let b = 7 + -4. Suppose b*x - 36 = 66. Suppose 0 = -7*s + 5*s - 5*u + 34, -58 = -5*s + u. Calculate the remainder when x is divided by s.
10
Let y = 15 + -3. Let m(o) be the third derivative of o**5/30 + 7*o**4/24 + 2*o**3/3 + o**2. Calculate the remainder when m(-6) is divided by y.
10
Suppose 0 = 3*k + 5*h - 83, k + 0*h = -h + 25. What is the remainder when 100 is divided by k?
16
Suppose 2*z = -4*p + 40, -4*z + 132 = -4*p - p. Let i = 20 - 10. What is the remainder when z is divided by i?
8
Suppose -26 = 4*q - 2*m, -4*m + 7 = 2*q - 5. Calculate the remainder when (-1 - (-3)/2)/(1/44) is divided by 7 + (q/(-2))/2.
6
Let q be (0 - 0)/(3 + -1). Let x(p) = p**3 + 8. What is the remainder when ((-2)/1)/((-2)/22) is divided by x(q)?
6
Let i = 124 - 59. What is the remainder when 44*10*3/24 is divided by (-4)/10 - (-1261)/i?
17
What is the remainder when 82 is divided by (-3 - -6)*(8 + -1)?
19
Let r(p) = -p**3 - 2. Suppose -4*k + 4 = 3*c, -12 = -2*k + 3*c - 2*c. Calculate the remainder when r(-2) is divided by k.
2
Let p = 28 + -16. What is the remainder when p is divided by 3?
0
Suppose 0*n - 3*m = 2*n - 6, 5*m = 0. What is the remainder when n is divided by 1?
0
Suppose -5*w - 2 = 3*u, -2*w + 0*u = -2*u - 12. Let j = -48 - -44.